{"id":410,"date":"2023-06-21T18:01:48","date_gmt":"2023-06-21T18:01:48","guid":{"rendered":"https:\/\/fuellesparachimeneas.es\/?page_id=410"},"modified":"2023-06-21T20:46:17","modified_gmt":"2023-06-21T20:46:17","slug":"aviso-legal","status":"publish","type":"page","link":"https:\/\/fuellesparachimeneas.es\/?page_id=410","title":{"rendered":"Aviso Legal"},"content":{"rendered":"\n<p>El titular de este sitio web es JOSE ELITO CARRASCO MENDEZ con C.I.F. 34265788C, con domicilio en R\u00faa Cabaleiros de Santiago 26, 27611-Paradela (Lugo).<\/p>\n\n\n\n<p>El acceso al site de JOSE ELITO CARRASCO MENDEZ es gratuito. Todo el contenido es propiedad intelectual de JOSE ELITO CARRASCO MENDEZ Cualquier utilizaci\u00f3n de los mismos contraria a las normas en materia de propiedad intelectual ser\u00e1 perseguida con arreglo a la legislaci\u00f3n vigente.<\/p>\n","protected":false},"excerpt":{"rendered":"<p>El titular de este sitio web es JOSE ELITO CARRASCO MENDEZ con C.I.F. 34265788C, con domicilio en R\u00faa Cabaleiros de Santiago 26, 27611-Paradela (Lugo). El acceso al site de JOSE&hellip;<\/p>\n","protected":false},"author":1,"featured_media":0,"parent":0,"menu_order":0,"comment_status":"closed","ping_status":"closed","template":"","meta":{"om_disable_all_campaigns":false,"_monsterinsights_skip_tracking":false,"_monsterinsights_sitenote_active":false,"_monsterinsights_sitenote_note":"","_monsterinsights_sitenote_category":0,"footnotes":""},"class_list":["post-410","page","type-page","status-publish","hentry"],"aioseo_notices":[],"jetpack_sharing_enabled":true,"_links":{"self":[{"href":"https:\/\/fuellesparachimeneas.es\/index.php?rest_route=\/wp\/v2\/pages\/410","targetHints":{"allow":["GET"]}}],"collection":[{"href":"https:\/\/fuellesparachimeneas.es\/index.php?rest_route=\/wp\/v2\/pages"}],"about":[{"href":"https:\/\/fuellesparachimeneas.es\/index.php?rest_route=\/wp\/v2\/types\/page"}],"author":[{"embeddable":true,"href":"https:\/\/fuellesparachimeneas.es\/index.php?rest_route=\/wp\/v2\/users\/1"}],"replies":[{"embeddable":true,"href":"https:\/\/fuellesparachimeneas.es\/index.php?rest_route=%2Fwp%2Fv2%2Fcomments&post=410"}],"version-history":[{"count":1,"href":"https:\/\/fuellesparachimeneas.es\/index.php?rest_route=\/wp\/v2\/pages\/410\/revisions"}],"predecessor-version":[{"id":411,"href":"https:\/\/fuellesparachimeneas.es\/index.php?rest_route=\/wp\/v2\/pages\/410\/revisions\/411"}],"wp:attachment":[{"href":"https:\/\/fuellesparachimeneas.es\/index.php?rest_route=%2Fwp%2Fv2%2Fmedia&parent=410"}],"curies":[{"name":"wp","href":"https:\/\/api.w.org\/{rel}","templated":true}]}}